late the remainder when 3213678 is divided by 26341.
76
What is the remainder when 2211251 is divided by 3599?
1465
What is the remainder when 15146111 is divided by 24118?
7
What is the remainder when 136486 is divided by 6370?
2716
What is the remainder when 7039 is divided by 6032?
1007
Calculate the remainder when 1121249 is divided by 311.
94
Calculate the remainder when 20720 is divided by 6569.
1013
What is the remainder when 19967752 is divided by 7806?
4
What is the remainder when 4343941 is divided by 8?
5
Calculate the remainder when 18479 is divided by 1079.
136
Calculate the remainder when 53846 is divided by 8297.
4064
Calculate the remainder when 180866 is divided by 180852.
14
Calculate the remainder when 50072030 is divided by 50071932.
98
Calculate the remainder when 21693 is divided by 653.
144
Calculate the remainder when 403167 is divided by 404.
379
What is the remainder when 5064 is divided by 5042?
22
Calculate the remainder when 78975126 is divided by 3727.
3723
What is the remainder when 140227 is divided by 545?
162
Calculate the remainder when 6067982 is divided by 15802.
14
Calculate the remainder when 10108 is divided by 285.
133
Calculate the remainder when 14382 is divided by 9641.
4741
Calculate the remainder when 26190610 is divided by 73569.
46
Calculate the remainder when 21843 is divided by 283.
52
Calculate the remainder when 2040548 is divided by 1020264.
20
What is the remainder when 197356 is divided by 468?
328
Calculate the remainder when 7396003 is divided by 36078.
13
Calculate the remainder when 17132 is divided by 31.
20
What is the remainder when 501327 is divided by 4398?
4353
What is the remainder when 199613 is divided by 7960?
613
What is the remainder when 123210 is divided by 697?
538
What is the remainder when 1105752 is divided by 184290?
12
Calculate the remainder when 250517 is divided by 22774.
3
What is the remainder when 42986 is divided by 229?
163
Calculate the remainder when 1267180223 is divided by 16.
15
What is the remainder when 865173452 is divided by 95?
92
What is the remainder when 519213 is divided by 7210?
93
Calculate the remainder when 10084312 is divided by 67.
8
What is the remainder when 4417 is divided by 1066?
153
What is the remainder when 541449 is divided by 710?
429
What is the remainder when 191117 is divided by 6175?
5867
Calculate the remainder when 6295537 is divided by 4378.
4351
Calculate the remainder when 7623 is divided by 47.
9
What is the remainder when 238872 is divided by 193?
131
What is the remainder when 33582687 is divided by 45?
42
Calculate the remainder when 1790198 is divided by 148.
138
What is the remainder when 655515 is divided by 327707?
101
What is the remainder when 18112363 is divided by 6037448?
19
Calculate the remainder when 1065071 is divided by 73.
1
Calculate the remainder when 70882084 is divided by 4169534.
6
Calculate the remainder when 11965282 is divided by 1413.
1411
What is the remainder when 291308 is divided by 408?
404
What is the remainder when 1279388 is divided by 425491?
2915
What is the remainder when 659870 is divided by 2453?
13
Calculate the remainder when 136144 is divided by 5042.
10
Calculate the remainder when 117482740 is divided by 49.
46
Calculate the remainder when 230002 is divided by 235.
172
What is the remainder when 55329 is divided by 49872?
5457
What is the remainder when 1329969 is divided by 1208?
1169
Calculate the remainder when 25900514 is divided by 171.
170
Calculate the remainder when 151519024 is divided by 123.
121
What is the remainder when 35980 is divided by 3311?
2870
Calculate the remainder when 716717 is divided by 1490.
27
What is the remainder when 2290082 is divided by 366?
20
Calculate the remainder when 19233755 is divided by 128225.
5
What is the remainder when 93769035 is divided by 4411?
4408
Calculate the remainder when 786009 is divided by 606.
27
What is the remainder when 757498 is divided by 35?
28
What is the remainder when 86253005 is divided by 92845?
0
What is the remainder when 1294693 is divided by 19?
14
Calculate the remainder when 1261347 is divided by 420448.
3
What is the remainder when 7233859 is divided by 71?
24
What is the remainder when 1587126 is divided by 529038?
12
What is the remainder when 64998 is divided by 7?
3
Calculate the remainder when 72051 is divided by 5145.
21
Calculate the remainder when 17774103 is divided by 11.
6
What is the remainder when 3486232 is divided by 1007?
1005
Calculate the remainder when 1289240 is divided by 5654.
128
Calculate the remainder when 757312 is divided by 26.
10
Calculate the remainder when 26711979 is divided by 362.
361
What is the remainder when 445408 is divided by 361?
295
What is the remainder when 918591 is divided by 918576?
15
What is the remainder when 8413335 is divided by 63?
0
What is the remainder when 1021696 is divided by 322?
312
What is the remainder when 2921405 is divided by 97380?
5
Calculate the remainder when 174070 is divided by 24414.
3172
Calculate the remainder when 472568 is divided by 1991.
701
Calculate the remainder when 102977543 is divided by 5.
3
Calculate the remainder when 77426 is divided by 753.
620
What is the remainder when 692602 is divided by 118?
60
What is the remainder when 39139508 is divided by 7827901?
3
Calculate the remainder when 67921 is divided by 16823.
629
Calculate the remainder when 22275998 is divided by 856769.
4
What is the remainder when 691440 is divided by 4733?
422
Calculate the remainder when 20798112 is divided by 15.
12
What is the remainder when 143509793 is divided by 13803?
2
What is the remainder when 654163 is divided by 5151?
5137
Calculate the remainder when 149193 is divided by 282.
15
Calculate the remainder when 4480625 is divided by 29.
9
Calculate the remainder when 782043 is divided by 1281.
633
Calculate the remainder when 267260389 is divided by 29695598.
7
Calculate the remainder when 50682741 is divided by 32282.
1
Calculate the remainder when 1361906 is divided by 17460.
26
Calculate the remainder when 156737 is divided by 38632.
2209
What is the remainder when 4628522 is divided by 243606?
8
What is the remainder when 166491 is divided by 333?
324
Calculate the remainder when 513191 is divided by 178.
17
What is the remainder when 2102099 is divided by 429?
428
What is the remainder when 1191393523 is divided by 34?
33
What is the remainder when 27433536 is divided by 1131?
0
What is the remainder when 5635225 is divided by 37?
14
What is the remainder when 26462179 is divided by 1710?
1639
Calculate the remainder when 8958044 is divided by 455.
4
What is the remainder when 269227 is divided by 1981?
1792
Calculate the remainder when 207812 is divided by 256.
196
What is the remainder when 340775 is divided by 170107?
561
What is the remainder when 28021 is divided by 3992?
77
What is the remainder when 17812914 is divided by 1122?
42
What is the remainder when 7170861 is divided by 1778?
187
Calculate the remainder when 343198 is divided by 260.
258
Calculate the remainder when 87754558 is divided by 289.
286
Calculate the remainder when 4275681 is divided by 268.
9
Calculate the remainder when 983075 is divided by 26567.
96
What is the remainder when 132431292 is divided by 23640?
12
What is the remainder when 973541 is divided by 284?
273
What is the remainder when 1267613 is divided by 7729?
57
What is the remainder when 47586255 is divided by 615?
15
What is the remainder when 206938 is divided by 206637?
301
Calculate the remainder when 103547376 is divided by 2882.
2880
Calculate the remainder when 298523 is divided by 7652.
95
Calculate the remainder when 317878469 is divided by 1554.
1553
What is the remainder when 1299419 is divided by 46?
11
Calculate the remainder when 472030 is divided by 5471.
1524
Calculate the remainder when 7074680 is divided by 661.
658
What is the remainder when 14513364 is divided by 296191?
5
What is the remainder when 6380041 is divided by 106334?
1
Calculate the remainder when 243911 is divided by 202.
97
What is the remainder when 25493632 is divided by 648?
16
Calculate the remainder when 36354 is divided by 2784.
162
Calculate the remainder when 105742 is divided by 989.
